{"id":776,"date":"2023-03-14T14:43:06","date_gmt":"2023-03-14T14:43:06","guid":{"rendered":"https:\/\/gcf.community\/?page_id=776"},"modified":"2023-03-17T07:15:29","modified_gmt":"2023-03-17T07:15:29","slug":"venue-information","status":"publish","type":"page","link":"https:\/\/gcf.community\/pt\/events\/brazil2023\/venue-information\/","title":{"rendered":"Informa\u00e7\u00f5es do local"},"content":{"rendered":"<h3>\n\t\tBrasil 2023\n\t<\/h3>\n<h1>\n\t\tInforma\u00e7\u00f5es do local\n\t<\/h1>\n\t<h4>Wi-fi<\/h4>\n<p>Selecione FAROL_WIFI. Voc\u00ea ser\u00e1 solicitado a preencher um formul\u00e1rio de cadastro simples.<\/p>\n<h4>Hor\u00e1rios das refei\u00e7\u00f5es<\/h4>\n<p>Por favor, leve em considera\u00e7\u00e3o os hor\u00e1rios das refei\u00e7\u00f5es. O restaurante est\u00e1 localizado no piso inferior.<\/p>\n<ul>\n<li>Breakfast: 8 &#8211; 10am<\/li>\n<li>Lunch: 12 &#8211; 2pm<\/li>\n<li>Dinner: 7 &#8211; 9pm<\/li>\n<\/ul>\n<h4>Para quem se hospeda no Ibis<\/h4>\n<p>Para quem estiver hospedado no IBIS, haver\u00e1 um servi\u00e7o de transporte antes do caf\u00e9 da manh\u00e3 e uma viagem de volta ap\u00f3s o jantar. Por favor, traga tudo o que precisar durante o dia para o local do evento. Caso precise fazer uma viagem extra at\u00e9 o hotel, fa\u00e7a amizade com algu\u00e9m que esteja hospedado aqui com carro, ou procure Val ou Liz para combinar uma corrida de t\u00e1xi.<\/p>\n<h4>Mercado\/loja<\/h4>\n<p>If you forgot, or run out of, any essentials please feel free to check out the store (open 10am &#8211; 6pm).<\/p>\n<p>O Ibis fica ao lado de um shopping center. Se voc\u00ea quiser explorar a regi\u00e3o, consulte a equipe do hotel sobre a possibilidade de compartilhar uma carona com os h\u00f3spedes do Ibis. Voc\u00ea precisar\u00e1 providenciar seu pr\u00f3prio transporte de volta. O shopping center fecha \u00e0s 22h.<\/p>\n<h4>Atividades<\/h4>\n<ul>\n<li>Pool hours: 9am &#8211; 6pm<\/li>\n<li>Court hours: 7am &#8211; 10pm<\/li>\n<li>Lake activities (kayak, hammocks and paddle boats): 10am &#8211; 5pm<\/li>\n<\/ul>\n<h4>Secadores de cabelo<\/h4>\n<p>Existem alguns secadores de cabelo que podem ser emprestados pelo hotel. Por favor, solicite na recep\u00e7\u00e3o. Lembre-se de devolver o secador de cabelo \u00e0 recep\u00e7\u00e3o ap\u00f3s o uso.<\/p>\n<h4>\u00c1gua<\/h4>\n<p>A \u00e1gua nos quartos e no restaurante est\u00e1 inclu\u00edda. Observe que o bebedouro (na grande jarra azul) perto do audit\u00f3rio \u00e9 abastecido por um po\u00e7o artesiano local.<\/p>","protected":false},"excerpt":{"rendered":"<p>Brazil 2023 Venue Information Wifi Select FAROL_WIFI. You will be asked to complete a simple registration form. Mealtimes Please be mindful of mealtimes. The restaurant is located on the lower level. Breakfast: 8 &#8211; 10am Lunch: 12 &#8211; 2pm Dinner: 7 &#8211; 9pm For those staying at the Ibis For those staying at IBIS a &#8230; <a title=\"Informa\u00e7\u00f5es do local\" class=\"read-more\" href=\"https:\/\/gcf.community\/pt\/events\/brazil2023\/venue-information\/\" aria-label=\"Leia mais sobre Venue Information\">Ler mais<\/a><\/p>","protected":false},"author":1,"featured_media":0,"parent":919,"menu_order":0,"comment_status":"closed","ping_status":"closed","template":"","meta":{"_acf_changed":false,"_seopress_robots_primary_cat":"","_seopress_titles_title":"","_seopress_titles_desc":"","_seopress_robots_index":"","footnotes":"","_links_to":"","_links_to_target":""},"categories":[],"class_list":["post-776","page","type-page","status-publish"],"acf":[],"_links":{"self":[{"href":"https:\/\/gcf.community\/pt\/wp-json\/wp\/v2\/pages\/776","targetHints":{"allow":["GET"]}}],"collection":[{"href":"https:\/\/gcf.community\/pt\/wp-json\/wp\/v2\/pages"}],"about":[{"href":"https:\/\/gcf.community\/pt\/wp-json\/wp\/v2\/types\/page"}],"author":[{"embeddable":true,"href":"https:\/\/gcf.community\/pt\/wp-json\/wp\/v2\/users\/1"}],"replies":[{"embeddable":true,"href":"https:\/\/gcf.community\/pt\/wp-json\/wp\/v2\/comments?post=776"}],"version-history":[{"count":0,"href":"https:\/\/gcf.community\/pt\/wp-json\/wp\/v2\/pages\/776\/revisions"}],"up":[{"embeddable":true,"href":"https:\/\/gcf.community\/pt\/wp-json\/wp\/v2\/pages\/919"}],"wp:attachment":[{"href":"https:\/\/gcf.community\/pt\/wp-json\/wp\/v2\/media?parent=776"}],"wp:term":[{"taxonomy":"category","embeddable":true,"href":"https:\/\/gcf.community\/pt\/wp-json\/wp\/v2\/categories?post=776"}],"curies":[{"name":"wp","href":"https:\/\/api.w.org\/{rel}","templated":true}]}}

Informações do local

<h3>
		Brasil 2023
	</h3>
<h1>
		Informações do local
	</h1>
	<h4>Wi-fi</h4>
<p>Selecione FAROL_WIFI. Você será solicitado a preencher um formulário de cadastro simples.</p>
<h4>Horários das refeições</h4>
<p>Por favor, leve em consideração os horários das refeições. O restaurante está localizado no piso inferior.</p>
<ul>
<li>Breakfast: 8 &#8211; 10am</li>
<li>Lunch: 12 &#8211; 2pm</li>
<li>Dinner: 7 &#8211; 9pm</li>
</ul>
<h4>Para quem se hospeda no Ibis</h4>
<p>Para quem estiver hospedado no IBIS, haverá um serviço de transporte antes do café da manhã e uma viagem de volta após o jantar. Por favor, traga tudo o que precisar durante o dia para o local do evento. Caso precise fazer uma viagem extra até o hotel, faça amizade com alguém que esteja hospedado aqui com carro, ou procure Val ou Liz para combinar uma corrida de táxi.</p>
<h4>Mercado/loja</h4>
<p>If you forgot, or run out of, any essentials please feel free to check out the store (open 10am &#8211; 6pm).</p>
<p>O Ibis fica ao lado de um shopping center. Se você quiser explorar a região, consulte a equipe do hotel sobre a possibilidade de compartilhar uma carona com os hóspedes do Ibis. Você precisará providenciar seu próprio transporte de volta. O shopping center fecha às 22h.</p>
<h4>Atividades</h4>
<ul>
<li>Pool hours: 9am &#8211; 6pm</li>
<li>Court hours: 7am &#8211; 10pm</li>
<li>Lake activities (kayak, hammocks and paddle boats): 10am &#8211; 5pm</li>
</ul>
<h4>Secadores de cabelo</h4>
<p>Existem alguns secadores de cabelo que podem ser emprestados pelo hotel. Por favor, solicite na recepção. Lembre-se de devolver o secador de cabelo à recepção após o uso.</p>
<h4>Água</h4>
<p>A água nos quartos e no restaurante está incluída. Observe que o bebedouro (na grande jarra azul) perto do auditório é abastecido por um poço artesiano local.</p>

<p>Brazil 2023 Venue Information Wifi Select FAROL_WIFI. You will be asked to complete a simple registration form. Mealtimes Please be mindful of mealtimes. The restaurant is located on the lower level. Breakfast: 8 &#8211; 10am Lunch: 12 &#8211; 2pm Dinner: 7 &#8211; 9pm For those staying at the Ibis For those staying at IBIS a &#8230; <a title="Informações do local" class="read-more" href="https://gcf.community/pt/events/brazil2023/venue-information/" aria-label="Leia mais sobre Venue Information">Ler mais</a></p>
