{"id":776,"date":"2023-03-14T14:43:06","date_gmt":"2023-03-14T14:43:06","guid":{"rendered":"https:\/\/gcf.community\/?page_id=776"},"modified":"2023-03-17T07:15:29","modified_gmt":"2023-03-17T07:15:29","slug":"venue-information","status":"publish","type":"page","link":"https:\/\/gcf.community\/es\/events\/brazil2023\/venue-information\/","title":{"rendered":"Informaci\u00f3n del lugar"},"content":{"rendered":"<h3>\n\t\tBrasil 2023\n\t<\/h3>\n<h1>\n\t\tInformaci\u00f3n del lugar\n\t<\/h1>\n\t<h4>Wifi<\/h4>\n<p>Seleccione FAROL_WIFI. Se le pedir\u00e1 que complete un formulario de registro sencillo.<\/p>\n<h4>Horarios de comida<\/h4>\n<p>Por favor, respete los horarios de las comidas. El restaurante est\u00e1 en la planta baja.<\/p>\n<ul>\n<li>Breakfast: 8 &#8211; 10am<\/li>\n<li>Lunch: 12 &#8211; 2pm<\/li>\n<li>Dinner: 7 &#8211; 9pm<\/li>\n<\/ul>\n<h4>Para quienes se alojan en el Ibis<\/h4>\n<p>Para quienes se alojan en el IBIS, se ofrece un servicio de transporte antes del desayuno y un viaje de regreso despu\u00e9s de la cena. Les pedimos que traigan todo lo que necesiten durante el d\u00eda. Si necesitan ir m\u00e1s al hotel, contacten con alguien que est\u00e9 aqu\u00ed con su coche o hablen con Val o Liz para coordinar un taxi.<\/p>\n<h4>Mercado\/tienda<\/h4>\n<p>If you forgot, or run out of, any essentials please feel free to check out the store (open 10am &#8211; 6pm).<\/p>\n<p>El IBIS se encuentra junto a un centro comercial. Si desea explorar, consulte con el personal del hotel sobre la posibilidad de compartir el transporte con los hu\u00e9spedes del IBIS. Deber\u00e1 coordinar su propio viaje de regreso. El centro comercial cierra a las 22:00.<\/p>\n<h4>Actividades<\/h4>\n<ul>\n<li>Pool hours: 9am &#8211; 6pm<\/li>\n<li>Court hours: 7am &#8211; 10pm<\/li>\n<li>Lake activities (kayak, hammocks and paddle boats): 10am &#8211; 5pm<\/li>\n<\/ul>\n<h4>Secadores de pelo<\/h4>\n<p>El hotel dispone de varios secadores de pelo disponibles para alquilar. Solicite el servicio de pr\u00e9stamo en recepci\u00f3n. Aseg\u00farese de devolver el secador en recepci\u00f3n al terminar de usarlo.<\/p>\n<h4>Agua<\/h4>\n<p>El agua de la habitaci\u00f3n y del restaurante est\u00e1 incluida. Tenga en cuenta que la fuente (en la jarra azul grande) cerca del auditorio proviene de un pozo local.<\/p>","protected":false},"excerpt":{"rendered":"<p>Brazil 2023 Venue Information Wifi Select FAROL_WIFI. You will be asked to complete a simple registration form. Mealtimes Please be mindful of mealtimes. The restaurant is located on the lower level. Breakfast: 8 &#8211; 10am Lunch: 12 &#8211; 2pm Dinner: 7 &#8211; 9pm For those staying at the Ibis For those staying at IBIS a &#8230; <a title=\"Informaci\u00f3n del lugar\" class=\"read-more\" href=\"https:\/\/gcf.community\/es\/events\/brazil2023\/venue-information\/\" aria-label=\"Leer m\u00e1s sobre Venue Information\">Leer m\u00e1s<\/a><\/p>","protected":false},"author":1,"featured_media":0,"parent":919,"menu_order":0,"comment_status":"closed","ping_status":"closed","template":"","meta":{"_acf_changed":false,"_seopress_robots_primary_cat":"","_seopress_titles_title":"","_seopress_titles_desc":"","_seopress_robots_index":"","footnotes":"","_links_to":"","_links_to_target":""},"categories":[],"class_list":["post-776","page","type-page","status-publish"],"acf":[],"_links":{"self":[{"href":"https:\/\/gcf.community\/es\/wp-json\/wp\/v2\/pages\/776","targetHints":{"allow":["GET"]}}],"collection":[{"href":"https:\/\/gcf.community\/es\/wp-json\/wp\/v2\/pages"}],"about":[{"href":"https:\/\/gcf.community\/es\/wp-json\/wp\/v2\/types\/page"}],"author":[{"embeddable":true,"href":"https:\/\/gcf.community\/es\/wp-json\/wp\/v2\/users\/1"}],"replies":[{"embeddable":true,"href":"https:\/\/gcf.community\/es\/wp-json\/wp\/v2\/comments?post=776"}],"version-history":[{"count":0,"href":"https:\/\/gcf.community\/es\/wp-json\/wp\/v2\/pages\/776\/revisions"}],"up":[{"embeddable":true,"href":"https:\/\/gcf.community\/es\/wp-json\/wp\/v2\/pages\/919"}],"wp:attachment":[{"href":"https:\/\/gcf.community\/es\/wp-json\/wp\/v2\/media?parent=776"}],"wp:term":[{"taxonomy":"category","embeddable":true,"href":"https:\/\/gcf.community\/es\/wp-json\/wp\/v2\/categories?post=776"}],"curies":[{"name":"wp","href":"https:\/\/api.w.org\/{rel}","templated":true}]}}

Información del lugar

<h3>
		Brasil 2023
	</h3>
<h1>
		Información del lugar
	</h1>
	<h4>Wifi</h4>
<p>Seleccione FAROL_WIFI. Se le pedirá que complete un formulario de registro sencillo.</p>
<h4>Horarios de comida</h4>
<p>Por favor, respete los horarios de las comidas. El restaurante está en la planta baja.</p>
<ul>
<li>Breakfast: 8 &#8211; 10am</li>
<li>Lunch: 12 &#8211; 2pm</li>
<li>Dinner: 7 &#8211; 9pm</li>
</ul>
<h4>Para quienes se alojan en el Ibis</h4>
<p>Para quienes se alojan en el IBIS, se ofrece un servicio de transporte antes del desayuno y un viaje de regreso después de la cena. Les pedimos que traigan todo lo que necesiten durante el día. Si necesitan ir más al hotel, contacten con alguien que esté aquí con su coche o hablen con Val o Liz para coordinar un taxi.</p>
<h4>Mercado/tienda</h4>
<p>If you forgot, or run out of, any essentials please feel free to check out the store (open 10am &#8211; 6pm).</p>
<p>El IBIS se encuentra junto a un centro comercial. Si desea explorar, consulte con el personal del hotel sobre la posibilidad de compartir el transporte con los huéspedes del IBIS. Deberá coordinar su propio viaje de regreso. El centro comercial cierra a las 22:00.</p>
<h4>Actividades</h4>
<ul>
<li>Pool hours: 9am &#8211; 6pm</li>
<li>Court hours: 7am &#8211; 10pm</li>
<li>Lake activities (kayak, hammocks and paddle boats): 10am &#8211; 5pm</li>
</ul>
<h4>Secadores de pelo</h4>
<p>El hotel dispone de varios secadores de pelo disponibles para alquilar. Solicite el servicio de préstamo en recepción. Asegúrese de devolver el secador en recepción al terminar de usarlo.</p>
<h4>Agua</h4>
<p>El agua de la habitación y del restaurante está incluida. Tenga en cuenta que la fuente (en la jarra azul grande) cerca del auditorio proviene de un pozo local.</p>

<p>Brazil 2023 Venue Information Wifi Select FAROL_WIFI. You will be asked to complete a simple registration form. Mealtimes Please be mindful of mealtimes. The restaurant is located on the lower level. Breakfast: 8 &#8211; 10am Lunch: 12 &#8211; 2pm Dinner: 7 &#8211; 9pm For those staying at the Ibis For those staying at IBIS a &#8230; <a title="Información del lugar" class="read-more" href="https://gcf.community/es/events/brazil2023/venue-information/" aria-label="Leer más sobre Venue Information">Leer más</a></p>
